6) is divided by 76.
35
Suppose 148*z - 98448 = 100*z. What is the remainder when z is divided by 409?
6
Let d be -74 + (16 - 13) + 1 + 0. Let o = 71 + d. Suppose 0 = c - 3 - o, -4*i - 2*c + 236 = 0. What is the remainder when i is divided by 12?
9
Let v = -9 - -23. Suppose -5*l + 1 = -v. Suppose 5*y = -0*q + 3*q - 73, 4*q - l*y = 79. Calculate the remainder when 41 is divided by q.
9
Suppose -2*k + 18 = -2. Let m(v) = 2*v**3 - 14*v**2 + 18*v - 5. What is the remainder when m(6) is divided by k?
1
Let g be (1/(-10)*-6)/((-2)/(-270)). Let w = g - 202. Let l = 132 + w. What is the remainder when 27 is divided by l?
5
Suppose -31 = -3*u + 5*n + 77, 4*u + 4*n - 208 = 0. Calculate the remainder when 357 is divided by u.
35
Suppose 41*d = 35*d + 18. Suppose d*c = 15 + 186. Calculate the remainder when c is divided by 38.
29
Let d(x) = -6*x - 43. Let q be d(-8). Suppose q*g - 19 = 1. Suppose g*j = 5*n - 4 - 86, 4*n = j + 83. Calculate the remainder when 65 is divided by n.
21
Let t(g) = -g**2 - 6*g + 121. Let m be t(0). Let x = m - 109. Let f = 68 - 24. What is the remainder when f is divided by x?
8
Suppose 0 = 61*b - 56*b - 25. Let y be (-13)/(b/(4 + 1)). What is the remainder when 133 is divided by ((-3)/(-2))/(y/(-130))?
13
Let x(t) = 6*t**2 - 32*t + 1125. Calculate the remainder when x(16) is divided by 270.
259
Let m(q) = 29*q**2 - 2*q - 3. Let s = 254978 - 254953. What is the remainder when m(-2) is divided by s?
17
Suppose 18*j + 34 = 20*j - 4*i, 0 = 4*i + 4. Calculate the remainder when 79 is divided by j.
4
Suppose 5 - 45 = -10*x. Suppose x*d = d + 3. Calculate the remainder when (d/2)/((-6)/(-2 - 286)) is divided by 5.
4
Suppose -k - 442 = -442. Suppose k = 2*n - 6, -5*n + 18 = g - 2*n. What is the remainder when 10 is divided by g?
1
Suppose 15*j - 12 = 11*j. Suppose -4*c + 2*c - 4*z = -162, -15 = j*z. What is the remainder when c is divided by 25?
16
Suppose 0 = -35*f - 293 + 1203. Calculate the remainder when 127 is divided by f.
23
Calculate the remainder when (-726)/(-99)*804/8 is divided by 186.
179
Suppose 2*i = 3*d - 71, -5*d + 32*i = 33*i - 140. What is the remainder when 1402 is divided by d?
25
Let n(d) = -856*d + 5160. Suppose -s - 3*i + 48 = 0, -2*i = -5*s + 57 + 166. Suppose -s = -4*l + 7. Calculate the remainder when n(6) is divided by l.
11
Suppose -97*n + 101*n - 584 - 660 = 0. Calculate the remainder when n is divided by 150.
11
Suppose -3*v - 232 = 1028. Let m = v - -445. Calculate the remainder when 89 is divided by m.
14
Let x be 3/(7 - (-50)/(-8)). Suppose 676 = 4*f + 2*y, 7*f - 10*f + x*y = -485. What is the remainder when f is divided by 3?
2
Let z be 2 - 1 - 16/(-2). Let p = z - 4. Suppose -26*h = -8 - 226. Calculate the remainder when h is divided by p.
4
Suppose 45*d - 488 = 49*d. Let p = 217 + d. Suppose 145 = 5*a - p. What is the remainder when a is divided by 26?
22
Suppose -42765 = -119*u + 78732 + 11188. What is the remainder when u is divided by 33?
26
Let m = -931 - -1170. Calculate the remainder when m is divided by 123.
116
Suppose 3*h - h = 8. Suppose h*b - 170 = 3*s, 5*s - 9 = 1. Let u = -107 + 116. What is the remainder when b is divided by u?
8
Let v(u) = 34*u + 701. Calculate the remainder when v(-7) is divided by 108.
31
Suppose -4*n - 4735 = -5*x, 2 = -2*n - 8. Calculate the remainder when x is divided by 36.
7
Suppose -11*d + 24 = 15*d - 2. What is the remainder when 44 is divided by d?
0
Suppose 8 = 2*u - 5*s - 13, 4*s = u - 15. Suppose 4*n + 116 = u*l, -5*l + 5*n = -4*l - 57. Calculate the remainder when 108 is divided by l.
12
Let h(r) = -11*r**2 - 51*r + 16. Suppose 6*y = 5*y + 348. What is the remainder when y is divided by h(-4)?
40
Let c(t) = t**3 - 48*t**2 + 5*t + 210. What is the remainder when c(48) is divided by 19?
13
Let p = 229 + -503. Let z = p - -323. What is the remainder when z is divided by 10?
9
Suppose -5*g + 3*l + 293 = 0, 2*l = g - l - 61. Let q = -760750 - -760786. What is the remainder when g is divided by q?
22
Let i = -913 + 922. Calculate the remainder when 57 is divided by i.
3
Suppose 0 = 3*m + 9, -m - 28 = -2*z - 5. Let h = -89579 + 89958. Calculate the remainder when h is divided by z.
9
Suppose -132*g = -11*g + 124*g - 27195. Let c = -42 + 61. What is the remainder when g is divided by c?
16
Suppose 0 = 570*y - 575*y + 205. What is the remainder when 771 is divided by y?
33
Let x = 340 + -290. Let p = 86 - 28. Suppose -3*k + p + 2 = 0. What is the remainder when x is divided by k?
10
Suppose y + 3*y + 5*d - 388 = 0, 4*y - 2*d - 360 = 0. Let b be (20/8)/(20/48). What is the remainder when y is divided by b - (-20 - (-12)/(-2))?
28
Let n(c) = c**2 - 24*c - 24. Suppose 2*g = 3*a + 17 + 36, -5*g = 2*a - 142. Calculate the remainder when n(g) is divided by 30.
28
Let q = -268 + 541. Let l = -185 + q. What is the remainder when l is divided by 26?
10
Suppose -4*r = t - 424, -3*r - 3*t + 94 + 224 = 0. Calculate the remainder when 313 is divided by r.
101
Calculate the remainder when 2*(-57 + 62 + 199/2) is divided by 21.
20
Suppose 4*m + 35 = 5*o, 3*o - 2*m - 16 = o. Let u(a) = 5*a**2 - a + 5. Let l be u(o). Let p = 97 - l. Calculate the remainder when p is divided by 26.
24
Let w(q) = -q**3 - 19*q**2 + 2*q + 75. Calculate the remainder when w(-19) is divided by 7.
2
Suppose -s = -5*j + j - 1499, 1873 = -5*j + s. Calculate the remainder when 33 is divided by j/(-18) + (-84)/(-378).
12
Let b = 1234 - -2377. Calculate the remainder when b is divided by 1202.
5
Let p(r) = -305 + r**3 - 32*r**2 + 769 - 359 - 34*r. Calculate the remainder when p(33) is divided by 22.
6
Let p = -297 - -480. Let l = p + 13. What is the remainder when l is divided by 22?
20
Suppose 41 = 3*b + s, s + 1 = 3. Let c(h) = 36*h - 51. Let g be c(4). What is the remainder when g - 9/(-36)*-16 is divided by b?
11
Suppose -b = 0, -2*d + 233 = 5*b - 253. Calculate the remainder when d is divided by 68.
39
What is the remainder when 6393 is divided by -2 - 12 - (2 - 55)?
36
Let s(z) = -z**2 + 6*z - 73. Let q be s(15). Calculate the remainder when 49 is divided by (((-1)/(-2))/(-1))/(8/q).
10
Suppose 0 = q - 5*y - 127 - 5, -5*q - 3*y + 660 = 0. Calculate the remainder when q is divided by ((-172)/(-6) - -2)*18/12.
40
Suppose 74 = 2*d + 2. Calculate the remainder when 195 is divided by (1206/d)/(1/2).
61
Let x = 1589 - 1050. Suppose x = -76*g + 83*g. What is the remainder when g is divided by 6?
5
Let y be (-431)/(-13) + 10/(-65). Suppose -7 = -4*q - a + y, -4*a = 4*q - 28. Calculate the remainder when 240 is divided by q.
9
Let y(m) = -m - 14. Let t be y(-14). Suppose 12 = 2*r - 2*a, -12*a + 9*a = t. Suppose -k - 4*k + 25 = 0. Calculate the remainder when r is divided by k.
1
Suppose 4*p - 6*p = -20. Suppose 2*k + 3*k = -15. What is the remainder when 2*(-237)/18*k is divided by p?
9
Let b = -42 - -36. Let k(f) = -73*f + 30. Let v be k(b). Suppose v = 6*y + 3*y. Calculate the remainder when y is divided by 14.
10
Let b = 1628 - 690. What is the remainder when 1884 is divided by b?
8
Suppose 4*r + 26 = 2*l, r + 4 = -0. Suppose -2*t - 334 = 9*p - 11*p, l*t - 650 = -4*p. Calculate the remainder when p is divided by 42.
39
Suppose -j - 5*s + 27 = 0, -20*j + 3*s + 15 = -18*j. Calculate the remainder when 522 is divided by j.
6
Suppose 18219 = 3*a + 12*j - 8*j, -2*a - 4*j + 12150 = 0. Calculate the remainder when a is divided by 66.
63
Suppose 0*w - w - 3*z + 27 = 0, 0 = -5*w - z + 79. Calculate the remainder when ((-9)/w)/(8/(-1160)) is divided by 15.
12
Suppose -86 = -5*o + 2*u - 58, 3*o - 18 = u. What is the remainder when 165 is divided by o?
5
Suppose 17*g - 855 + 253 + 364 = 0. What is the remainder when 2203 is divided by g?
5
Calculate the remainder when 514 - -12 - 18/(11 - 5) is divided by 86.
7
Let c = -1067 + 2422. Calculate the remainder when c is divided by 59.
57
Suppose 114 = l - 3*w, 0 = 4*l - 10*w + 11*w - 443. Suppose 15 = v + 5*q - 8, 2*v - 3*q = l. Calculate the remainder when v is divided by 3.
0
Suppose -36*y + 808 = -308. Calculate the remainder when 1113 is divided by y.
28
Suppose 40*z = -4*z + 19*z + 194200. Calculate the remainder when z is divided by 324.
316
Suppose -335*k = -315*k - 540. What is the remainder when 445 is divided by k?
13
Let k(h) = 8*h**2 - h - 11. What is the r